er?
False
Is 50890275053 a composite number?
False
Is 4113110947 a prime number?
False
Is 2329536913 composite?
True
Is 218349977 a prime number?
True
Is 24382244857 composite?
False
Is 12124641769 composite?
True
Is 152387316505 prime?
False
Is 1635972761 a prime number?
True
Is 4924715671 composite?
False
Is 204630029 composite?
False
Is 6747619339 a composite number?
False
Is 4775818757 composite?
False
Is 1129707901 prime?
False
Is 1822063777 a prime number?
False
Is 665903009 a composite number?
True
Is 14608696301 composite?
True
Is 1359179513 prime?
True
Is 61572309361 a prime number?
False
Is 1732869191 prime?
True
Is 38948113903 a composite number?
False
Is 1437927313 composite?
False
Is 1536087463 a prime number?
True
Is 10151799587 composite?
False
Is 14264931941 prime?
False
Is 563877109 a composite number?
True
Is 355099999 prime?
True
Is 15986075389 a prime number?
True
Is 55774655977 a prime number?
False
Is 168738329 composite?
True
Is 4151147419 a prime number?
True
Is 6034510121 composite?
False
Is 3025063469 composite?
False
Is 1548856637 a prime number?
True
Is 23402571499 composite?
False
Is 4547112554 composite?
True
Is 2966693633 a prime number?
False
Is 33731451266 composite?
True
Is 950248547 prime?
True
Is 21005694181 a prime number?
True
Is 40203418193 prime?
False
Is 18750949783 prime?
True
Is 18113993329 composite?
False
Is 1536012097 a prime number?
True
Is 165803552701 a prime number?
False
Is 12438624197 prime?
True
Is 29964293 composite?
False
Is 840847853 composite?
True
Is 762690101 prime?
True
Is 1181548153 a prime number?
True
Is 971609963 a prime number?
True
Is 42635339581 prime?
False
Is 236515997 prime?
True
Is 2494067109 a composite number?
True
Is 19864082911 a prime number?
True
Is 27171014953 composite?
False
Is 140779097 a prime number?
True
Is 1622485441 prime?
False
Is 30074760101 composite?
False
Is 36085870703 a composite number?
False
Is 268162633 composite?
True
Is 6162134843 a composite number?
True
Is 792781747 a composite number?
False
Is 292963 composite?
True
Is 479909333 composite?
True
Is 271584407 a prime number?
True
Is 1528577902 composite?
True
Is 218436618823 prime?
True
Is 1525764869 a composite number?
True
Is 3579670553 a composite number?
True
Is 118515185 a prime number?
False
Is 20478175309 prime?
True
Is 5805992689 prime?
False
Is 2320175009 a composite number?
False
Is 29020873223 composite?
False
Is 399540343 composite?
True
Is 7142942951 prime?
False
Is 6079464353 prime?
False
Is 1801653467 prime?
True
Is 14992344989 prime?
True
Is 4814197719 a composite number?
True
Is 10179260726 a prime number?
False
Is 976859539 a composite number?
False
Is 77981701341 composite?
True
Is 1094262121 a prime number?
True
Is 686937253 a prime number?
False
Is 12112273265 composite?
True
Is 157772033 a prime number?
False
Is 10471535647 a composite number?
False
Is 4806798533 a prime number?
True
Is 581039713 a prime number?
False
Is 98162217733 composite?
False
Is 9159789169 composite?
True
Is 63273487 a prime number?
False
Is 2597437961 a composite number?
True
Is 20750189597 a composite number?
True
Is 9099617473 a prime number?
False
Is 12034861669 composite?
True
Is 5643828361 prime?
False
Is 1486692043 prime?
True
Is 5397071231 composite?
False
Is 13518981503 composite?
False
Is 5869286503 a composite number?
True
Is 46250371 prime?
True
Is 22133768621 prime?
True
Is 1067396609 composite?
True
Is 13120313203 a composite number?
True
Is 241886903 prime?
True
Is 6651180191 a prime number?
False
Is 1722958943 composite?
False
Is 1402020419 a prime number?
True
Is 19097329397 a prime number?
True
Is 12000210917 prime?
False
Is 77204985967 composite?
False
Is 1565304373 composite?
False
Is 6915884009 a composite number?
True
Is 20573246579 a composite number?
False
Is 337349981 a composite number?
False
Is 241676339 prime?
True
Is 598075073 prime?
False
Is 68265932957 a composite number?
True
Is 116354752777 composite?
False
Is 7347276679 composite?
False
Is 45263178211 a prime number?
True
Is 142119683 a composite number?
True
Is 131212973 composite?
True
Is 360509353 composite?
True
Is 444126469 a prime number?
False
Is 4266334601 prime?
True
Is 42574920559 a composite number?
True
Is 14925582251 a prime number?
False
Is 1666970777 a prime number?
True
Is 328676224431 composite?
True
Is 751862257 a prime number?
False
Is 11429503411 prime?
True
Is 2994583997 composite?
False
Is 2713688387 prime?
True
Is 4518319699 a prime number?
True
Is 48068161501 a composite number?
False
Is 273903181 prime?
True
Is 1217283967 composite?
False
Is 1117779029 a prime number?
True
Is 5435239961 a composite number?
False
Is 2675229457 a prime number?
False
Is 376714709 prime?
False
Is 10605329173 prime?
False
Is 23978567059 prime?
False
Is 250206283 prime?
True
Is 39603760399 a composite number?
True
Is 65745870137 composite?
True
Is 660068723 prime?
True
Is 32599391483 a composite number?
True
Is 406378022 a prime number?
False
Is 55764240487 composite?
False
Is 9118188997 a prime number?
False
Is 177041704363 a prime number?
False
Is 6858387901 prime?
False
Is 171417347 a prime number?
False
Is 3124138777 a composite number?
False
Is 52399410659 a prime number?
False
Is 12210812347 prime?
True
Is 7134847879 composite?
True
Is 130071091 prime?
True
Is 7167434369 a composite number?
False
Is 4300645669 composite?
True
Is 711392767 prime?
False
Is 183672758 prime?
False
Is 187056893 prime?
True
Is 7846795007 composite?
False
Is 42563409859 a prime number?
False
Is 21448726903 a prime number?
False
Is 106046531 a prime number?
True
Is 21811661161 a prime number?
False
Is 880431073 prime?
False
Is 3976873067 composite?
False
Is 2519508689 prime?
True
Is 10200668791 composite?
False
Is 336489587 a composite number?
True
Is 740980571 a composite number?
False
Is 1258581487 prime?
False
Is 114443586349 a composite number?
True
Is 315857417591 composite?
False
Is 4679183893 prime?
False
Is 119881691 composite?
False
Is 149868503 a prime number?
False
Is 380135851 composite?
False
Is 4857318803 prime?
True
Is 1037461307 prime?
True
Is 6499981 prime?
False
Is 91286839733 a composite number?
False
Is 191382377 prime?
True
Is 43969593131 a composite number?
False
Is 4520513623 composite?
False
Is 22199666809 a composite number?
True
Is 1660305893 composite?
False
Is 399579091 prime?
False
Is 194033621 composite?
False
Is 60709320247 prime?
False
Is 373524197 a prime number?
False
Is 20188521749 a composite number?
True
Is 4981438223 a prime number?
True
Is 1377213379 composite?
False
Is 1673335621 prime?
False
Is 31153009681 a composite number?
True
Is 3617634263 a composite number?
True
Is 40861164517 a prime number?
False
Is 10706152109 prime?
True
Is 89932232519 a prime number?
True
Is 6789616531 composite?
False
Is 658567907 composite?
True
Is 113140871257 composite?
False
Is 1422803267 a prime number?
False
Is 42709122409 a composite number?
False
Is 24112347737 composite?
False
Is 3918364251 a prime number?
False
Is 2131563529 a prime number?
False
Is 74345264437 composite?
False
Is 11036302531 prime?
True
Is 9955894721 prime?
False
Is 2492205187 a composite number?
False
Is 486308951 prime?
False
Is 1864460069 a prime number?
False
Is 4851894613 a prime number?
False
Is 11962652255 a composite number?
True
Is 121959784979 composite?
False
Is 3116025439 a prime number?
True
Is 3340619635 prime?
False
Is 32756550287 a composite number?
False
Is 7388359519 composite?
False
Is 1655669539 a prime number?
False
Is 39748412087 a composite number?
True
Is 110553557899 prime?
True
Is 88621241 prime?
False
Is 11060491589 a prime number?
False
Is 701046763 composite?
False
Is 13067932901 a prime number?
False
Is 648744427 a composite number?
True
Is 28072838543 composite?
True
Is 5606649383 a composite number?
False
Is 4178991283 a prime number?
True
Is 93624911 a composite number?
True
Is 33779468491 prime?
False
Is 6676675121 prime?
True
Is 34288064563 prime?
False
Is 330157367 a prime number?
True
Is 387275827 a prime number?
False
Is 16824713971 composite?
True
Is 14003990857 a composite number?
True
Is 853186093 prime?
True
Is 25842165473 a prime number?
False
Is 6804360749 prime?
False
Is 186098379391 comp